h + 2. Let o(m) be the second derivative of -3*m**5/20 + m**2/2 + 17*m. Let u be o(1). Calculate t(u).
6
Let r(m) = m**3 + 7*m**2 + 7*m + 6. Let n be r(-6). Suppose 0*j - 4*j + 8 = n. Let z(x) = 4 - 3 - 6 - 5*x**j - 3*x - 3*x - x**3. Determine z(-4).
3
Suppose 5*o - 681 = -f, -4*o + 5*f = -0*f - 539. Let j = -135 + o. Let n(b) = 3*b**2 - b. What is n(j)?
2
Let k(z) be the third derivative of -z**4/12 + 5*z**3/6 - 15*z**2 + 3. Calculate k(0).
5
Let j(w) = 71*w**2 + 6*w - 61. Let y(u) = 47*u**2 + 4*u - 38. Let d(c) = -5*j(c) + 8*y(c). Give d(-1).
20
Let p(s) = 4*s. Let r be p(1). Let f(d) = 4*d - 207*d**3 - 2*d + 4*d**2 + 206*d**3. Calculate f(r).
8
Suppose 0 = -5*g + 3*g - 8. Let y(r) = 2 + 0*r**2 - 50*r + r**3 + 4*r**2 + 52*r. Give y(g).
-6
Let t = 32 - 32. Let j be (1 + t)*2 + -2. Let o(x) = -x - 9. Determine o(j).
-9
Let y(v) be the third derivative of -v**5/60 - v**4/24 - v**3/2 + 243*v**2. What is y(-2)?
-5
Let f(y) be the second derivative of 1/6*y**3 - 1/2*y**2 + 0 - 9*y. Suppose -5*z = -0*z, 3*w - z + 9 = 0. Determine f(w).
-4
Let t(d) = 5*d**3 - 2*d**2 - d. Suppose 3 = -3*r + 4*r. Let z(p) = -13*p**3 + 7*p**2 + 3*p + 1. Let n(w) = r*z(w) + 8*t(w). Calculate n(-5).
-2
Suppose -k + 6 = 5*h, 0 = -3*h + 4*k + 8 + 14. Let r(n) = -4*n**2 + 3*n**2 - 5 + h*n - 4*n - 3*n. Suppose -13 = 2*y + 3*o, 4*y - 23 = 8*y + 3*o. Give r(y).
-5
Let t(x) be the second derivative of 11*x**3/6 + x**2/2 - 216*x. Calculate t(-1).
-10
Suppose 16 = r + 3*r. Suppose 5*w + 15 = r*j, 4*w + 8 = -4*j - 4. Let z(n) = n**3 - n**2 + n + 15. What is z(j)?
15
Let k(w) = 325 - 599 - 7*w + 306. Give k(5).
-3
Let a be -10*((-385)/(-50))/(-11). Let j(o) = o**2 - 6*o + 5. Calculate j(a).
12
Let i(v) = v**3 + 9*v**2 + 7*v - 10. Let s(o) = -o**3 + 28*o**2 + 26*o + 79. Let j be s(29). Give i(j).
-2
Let w(v) = -5 + 7*v**2 - 4*v**3 + 11 - 2*v**2 + 3*v**3. Let s(q) = 5*q**3 - 24*q**2 - q - 31. Let n(u) = -2*s(u) - 11*w(u). Determine n(7).
10
Let a(o) be the first derivative of -o**4/4 + 4*o**3/3 + 2*o**2 - 4*o - 2. Let y be (-1)/2 - 54/4. Let f = -9 - y. What is a(f)?
-9
Let u(h) = -h + 13. Let s be u(10). Let g be 2/s + 14/(-3). Let c(y) = -3*y - 6. Determine c(g).
6
Let a(s) = -s - 4. Let n = 90 - 93. What is a(n)?
-1
Let r(q) be the third derivative of 2/3*q**3 + 0 - 1/24*q**4 - 1/360*q**6 - 5*q**2 + 1/20*q**5 + 0*q. Let h(t) be the first derivative of r(t). Determine h(5).
4
Let c be (9 - 3)*(2 - (-6)/(-4)). Let y(p) = 14 + p**2 + c - 10*p - 10. What is y(7)?
-14
Let h = 18 + -10. Let c(s) = 8*s**2 + 7*s + h - 7*s**2 + 2*s. Suppose -5*k - 24 = 6. Calculate c(k).
-10
Let r(s) = 5*s + 10 + 0*s + 103*s**3 - 102*s**3 - 5 + 7*s**2. Determine r(-6).
11
Let w(m) = 6*m - 7. Let u(v) = -5*v + 7. Let l(s) = -5*u(s) - 4*w(s). What is l(15)?
8
Let y be 0 + 2 - 2 - 2. Let l(i) = 3*i + 5*i - 2 + 10*i - 21*i. Determine l(y).
4
Let t = 10 + -10. Let h(b) = -4*b**2 + b + 6. Let i(l) be the second derivative of l**4/12 + l**2/2 + 7*l. Let z(u) = h(u) + 3*i(u). Determine z(t).
9
Let g(u) = 2*u + 64 + 0*u - 127 + 63. Give g(-2).
-4
Let r(o) = -o**3 - 5*o**2 - 2*o + 11. Let i(x) = x**2 + x. Let g = 108 - 114. Let v(z) = g*i(z) + r(z). Give v(-10).
-9
Let p = -12 + 15. Let s be 4*1 + (-6)/p. Let l(y) = 2*y - 5*y + y**3 - 3*y + 5*y**s + 6. Determine l(-6).
6
Let d be 6/(-28)*-8 + (-4)/(-14). Let g(v) be the first derivative of 2*v**3 - 6*v + 1/4*v**4 - v**d + 7. Determine g(-6).
6
Let v(z) be the second derivative of -z**7/2520 - z**6/360 + z**5/120 - 2*z**4/3 + 18*z. Let p(y) be the third derivative of v(y). What is p(-3)?
-2
Let z(w) = -2*w + 1. Let m(p) = p - 1. Let t(f) = -5*m(f) - 3*z(f). Let y be (-3 - -6)*(-2 - 0). Let b = 1 + y. Determine t(b).
-3
Let j(n) = -6*n**2 + n. Let c be j(-1). Let a(p) = -10 + 0*p - 10*p - 16*p**2 - 20*p**2 + 35*p**2. What is a(c)?
11
Let a(d) = d - 2. Let t(j) = j**3 + j**2 + 3. Suppose 0 = -3*f - 9, -3*m + 5*f - 4*f + 3 = 0. Let r be t(m). Give a(r).
1
Let f be 9/(-2) + (-120)/(-48). Let x(a) = -a**2 - 4*a - 3. Determine x(f).
1
Let u(g) = 32*g + 38 - 8*g - 8*g - 12*g. Give u(-9).
2
Let c be -1*(-1 + 1 + 3). Let w(l) = 7*l - 2. Let z(i) = -22*i + 6. Let r(j) = -16*w(j) - 5*z(j). Determine r(c).
8
Let l(b) = 7*b + 1. Let x = -39 - -65. Suppose 5*m + 4*d + 46 = 0, x = -0*m - m - 5*d. Let z be (12/m)/(0 - -2). Give l(z).
-6
Let l(f) = 96*f - 482. Let w be l(5). Let b(y) = -y + 1. Let x(c) = c**3 - 3*c**2 - 5*c - 1. Let i(g) = -b(g) + x(g). What is i(w)?
-14
Suppose -8 = 4*q - 0*q. Let h(n) = 2*n. Let g(r) = -26*r - 5. Let v(y) = 6*y + 1. Let o(p) = -2*g(p) - 9*v(p). Let z(u) = q*o(u) - 3*h(u). Calculate z(-4).
6
Suppose 0 = -4*i + 3*i + 14. Let g = 569 - 562. Let k(y) = i - g - 5 + y**2 - 4*y. What is k(3)?
-1
Let v = 30 + -26. Let x(m) be the first derivative of m**4/4 - 5*m**3/3 + 2*m**2 + 5*m - 130. Calculate x(v).
5
Let t be 2/(-6)*(9 - 60/(-10)). Let y(x) = -x**2 - 10*x - 1. Let w(p) = 3*p**2 + 29*p + 4. Let g(r) = 3*w(r) + 8*y(r). Give g(t).
-6
Let b(y) be the first derivative of -4*y**3/3 + y**2/2 - 3*y + 225. Give b(3).
-36
Let l(n) = 2*n**3 - 14*n**2 + 12*n + 21. Let f(s) = -s**3 + 7*s**2 - 6*s - 10. Let u(m) = -5*f(m) - 2*l(m). Let c = 41 + -35. Calculate u(c).
8
Let j(i) = 2*i**2 - 3*i. Let s be -6*(-1)/8*(-440)/(-165). Calculate j(s).
2
Let i(n) = 0*n + 12*n - 7*n - 4*n - 1. Determine i(4).
3
Suppose -15 = -h + 2*k, -h - k - 3*k = -27. Let a(g) = -g + 12. Give a(h).
-7
Let x(j) = j**3 - j + 4. Let i be x(0). Let s be 6 + -7 + -3 + 7. Let m(a) = -i*a + 2*a + s*a + 32 - 35. What is m(0)?
-3
Let w(h) = -h**2 + 3*h - 1. Let l(o) = -2*o**3 + o**2 - o - 1. Let b be l(-1). Determine w(b).
-1
Let a(x) = x**2 - 8*x + 8. Let j be (-1)/((-9)/(-2)) + (-203)/(-63). Suppose -4*r = 4*z - 52, -j*r - z = 3*z - 44. Determine a(r).
8
Let c(m) be the second derivative of m**5/10 + m**4/12 - m**3/6 - m**2/2 - 9*m - 2. Give c(-2).
-11
Let k(l) = l**2 + 3*l - 7. Let h = -11 + 13. Suppose -5*z = -x - 10, 0 = 5*z + h*x + 3 - 28. Let w(r) = -r**2 + 2*r - 3. Let m be w(z). Determine k(m).
11
Let s(d) = -3*d**2 + d. Let n = -24 + 25. Suppose 12*f + 13 = n. Calculate s(f).
-4
Let z(r) = -r + 3. Let i be z(0). Let a(f) = -37*f**3 + 36*f**3 + 10*f + 0*f - 6*f - 7*f + 4*f**2. Give a(i).
0
Let i(x) = -2*x + 3. Suppose o - 19 = -0*o. Suppose o - 44 = -5*n. What is i(n)?
-7
Let m = 8 - 6. Let j(a) be the first derivative of 25 + 0*a - 4/3*a**3 + a**2 + 1/2*a**4. What is j(m)?
4
Let d(y) = -y**3 + y**2 + y - 4. Suppose 0 = 10*h - 9*h + 13. Let i(u) = -u - 13. Let j be i(h). Give d(j).
-4
Let p(k) be the second derivative of k**5/120 - 2*k**3/3 - 5*k. Let v(z) be the second derivative of p(z). Suppose -4*y - 2 = -6. Give v(y).
1
Let s(b) = -b**3 - 8*b**2 - 10*b - 9. Let a be (-1 - 3) + (-14)/49*7. Give s(a).
-21
Let d(o) be the second derivative of -1/3*o**4 - 1/720*o**6 + 1/120*o**5 + 0*o**3 + 0 + 7*o + 0*o**2. Let x(a) be the third derivative of d(a). What is x(4)?
-3
Suppose -2*t - 2*t + 16 = 0. Let z(i) = 3*i**2 + 5*i**3 - i**3 - 5 - 3*i**3 - t*i. Give z(-4).
-5
Suppose -2 = -2*t + t. Let n(p) be the second derivative of -p**5/24 + p**4/8 + 13*p**3/6 + 37*p. Let g(x) be the second derivative of n(x). Determine g(t).
-7
Let i(d) = 13*d + 25. Let n = -25 - -14. Let j(x) = 7*x + 13. Let c(o) = n*j(o) + 6*i(o). Let q(p) = -p - 7. Let k(b) = -5*c(b) - 6*q(b). Determine k(-6).
1
Let l be (-1 + 0)*(0 + (0 - 4)). Let j(b) = -3*b**2 + 8*b + 7. Let z be j(l). Let c(n) = -n**2 - 8*n - 2. Calculate c(z).
-11
Suppose 0 = -5*d + 3*d + 4. Let z be 5/20*8 + 3. Suppose -d = -z*y + 7*y. Let x(u) = 4*u**3 - u**2 + 1. Calculate x(y).
-4
Let j = 61 + -58. Suppose 5*y - b + j = -35, 0 = -b - 2. Let x(k) = -k**2 - 9*k + 4. Determine x(y).
12
Let b(d) = d**3 - 7*d**2 + 7*d + 7. Let q be b(6). Let u(z) = -2*z + 27. Let v = -32 + 26. Let t(g) = -g + 13. Let f(o) = q*t(o) + v*u(o). Determine f(5).
2
Let m(a) = 5*a + 0*a + 8 - 4*a. Let k be m(-6). Let x(y) = -y**k - 8 - 6*y**2 - 7*y - y**3 + 7. Give x(-6).
5
Let f = 20 + -79/4. Let h(x) be the first derivative of f*x**4 - 2*x - x**3 - 1 + 3/2*x**2. Give h(2).
0
Let r(s) = 2*s**2 - 3*s + 21. Let g(n) be the first derivative of -n**3/3 + n**2 - 10*n - 4. Let k(i) = 13*g(i) + 6*r(i). Give k(7).
3
Let p(l) = -l - 1. Let k be p(5). Let u(w) = -3 + 2*w - 3 + 2 - 2. Det